 + 1233. Determine z(-9).
9
Let u(a) = 42*a - 243. Determine u(6).
9
Let n(f) = 20*f - 31. Determine n(-12).
-271
Let j(r) = -5*r**2 - 3*r + 144. Give j(-6).
-18
Let n(s) = -2*s**3 - 284*s**2 + 287*s + 127. Calculate n(-143).
-16
Let q(g) = 7*g**2 - 179*g + 101. Calculate q(25).
1
Let a(c) = -c**3 + 30*c**2 - 44*c + 1206. Give a(30).
-114
Let g(u) = -u**3 + 65*u**2 + 206*u - 197. Determine g(68).
-61
Let i(u) = 34*u**3 - 3*u**2 - 8*u. Give i(2).
244
Let y(w) = w**2 + 39*w + 238. Determine y(-35).
98
Let j(r) = -18*r**2 - 155*r - 84. Give j(-8).
4
Let z(l) = 39*l - 1797. What is z(46)?
-3
Let v(p) = p**3 - 8*p**2 - 35*p + 15. Give v(14).
701
Let o(w) = -w**3 + 70*w**2 + 1472*w - 12. Give o(-17).
107
Let z(v) = v**3 - 30*v**2 - 461*v + 26. Calculate z(-11).
136
Let p(k) = 1880*k + 11307. Determine p(-6).
27
Let j(h) = 59*h - 211. Calculate j(4).
25
Let d(a) = -4*a**2 - 4*a + 8. Calculate d(0).
8
Let j(z) = 10*z**2 - 116*z + 330. Calculate j(7).
8
Let h(j) = -j**3 - 34*j**2 - 204*j + 91. Calculate h(-26).
-13
Let s(n) = -670*n - 41548. Give s(-62).
-8
Let b(u) = -13*u + 80. Give b(-7).
171
Let q(x) = -x**3 - 15*x**2 + 9*x - 19. Give q(-16).
93
Let s(p) = -2*p - 102. What is s(8)?
-118
Let f(a) = 21*a + 767. Calculate f(-37).
-10
Let l(g) = 23*g**3 + 8*g**2 - 9*g. Give l(1).
22
Let r(q) = 48*q + 141. Give r(-7).
-195
Let i(t) = -321*t - 18880. Calculate i(-59).
59
Let x(q) = q**3 - 8*q**2 - 39*q + 329. Calculate x(8).
17
Let o(x) = x**2 - 524*x + 2582. Calculate o(5).
-13
Let k(q) = -2*q**2 + 414*q - 10368. What is k(178)?
-44
Let g(s) = 1728*s - 13823. Determine g(8).
1
Let b(q) = -3*q**3 - 6*q**2 + 18*q + 47. Calculate b(3).
-34
Let x(g) = -g**2 - 4*g + 608. Give x(-27).
-13
Let r(u) = 4*u**2 - 59*u + 204. What is r(7)?
-13
Let x(d) = 120*d**2 - 5*d + 5. Give x(2).
475
Let h(o) = -o**2 + 99*o - 717. What is h(8)?
11
Let b(j) = -j**2 - 3*j - 147. Calculate b(-17).
-385
Let k(t) = 92*t - 1822. Give k(20).
18
Let p(f) = -12*f + 176. Determine p(-10).
296
Let v(g) = -55*g - 857. Calculate v(-18).
133
Let h(z) = -z**2 + 83*z + 2845. What is h(-26)?
11
Let n(z) = -9*z + 62. Determine n(7).
-1
Let n(u) = 26*u + 478. Calculate n(-19).
-16
Let f(l) = -205*l**2 + 13*l + 13. What is f(-1)?
-205
Let m(h) = -3*h**2 + 29*h + 183. Determine m(-7).
-167
Let z(i) = 99*i**2 - 5*i - 5. Determine z(-1).
99
Let c(j) = 234*j + 429. Give c(-2).
-39
Let p(n) = 2*n**2 - 4*n + 11. Give p(2).
11
Let f(g) = -172*g - 4956. What is f(-29)?
32
Let q(m) = m**3 - 14*m**2 + 37*m + 29. Determine q(11).
73
Let c(p) = p**3 + 103*p**2 - 772*p - 186. Determine c(-110).
34
Let z(c) = -2*c**3 + 13*c**2 - 30*c + 26. What is z(6)?
-118
Let w(y) = -3064*y**2 - 39833*y - 13. Determine w(-13).
0
Let z(d) = -83*d + 1229. Calculate z(24).
-763
Let f(n) = 5*n**2 - 10*n + 34. Give f(3).
49
Let l(b) = b - 35. Give l(2).
-33
Let l(b) = b**3 + 35*b**2 - 1587*b + 28. Calculate l(26).
2
Let d(i) = -i**3 + 8*i**2 + 3*i - 75. What is d(7)?
-5
Let a(m) = -154*m + 3351. Determine a(20).
271
Let g(k) = -2*k**3 + 17*k**2 - 18*k - 8. What is g(8)?
-88
Let v(m) = 68*m - 948. Determine v(14).
4
Let y(g) = g**3 - 2*g**2 + 4*g + 97. Give y(0).
97
Let m(v) = -19*v**2 + 74*v - 41. What is m(5)?
-146
Let d(o) = -o**2 - 60*o + 547. Give d(-68).
3
Let g(r) = 71*r - 1055. Determine g(17).
152
Let l(p) = p**2 - 9*p + 9. Determine l(1).
1
Let d(f) = 2*f**2 - 91*f - 1233. Calculate d(56).
-57
Let p(h) = -9*h**3 + 4*h**2 + 4*h - 14. Give p(-4).
610
Let y(t) = -212*t - 4042. Determine y(-19).
-14
Let q(o) = o**2 - 224*o + 880. What is q(4)?
0
Let b(w) = 70*w**2 + 4*w. What is b(-1)?
66
Let i(b) = b**2 - 29*b - 58. What is i(16)?
-266
Let m(x) = -51*x + 135. Give m(2).
33
Let v(n) = n**2 + 34*n - 794. Determine v(16).
6
Let p(u) = 34*u + 879. Calculate p(-20).
199
Let o(h) = -4*h + 39. Determine o(13).
-13
Let o(s) = -s**3 + 4*s**2 + 13*s + 29. Determine o(6).
35
Let j(z) = z**3 + 4*z**2 + 9*z + 7. Determine j(-3).
-11
Let c(t) = 4066*t - 73203. Calculate c(18).
-15
Let j(w) = -w**3 + 4*w**2 + 11*w + 12. Determine j(-6).
306
Let j(w) = -26*w + 74. Determine j(2).
22
Let d(c) = -285*c - 2011. Give d(-7).
-16
Let w(z) = 4*z**3 - 11*z**2 - 15*z - 3. Determine w(-1).
-3
Let p(o) = -160*o - 5919. Determine p(-37).
1
Let i(r) = r**3 - 9*r**2 + 28*r - 138. Give i(8).
22
Let q(o) = 49*o - 341. Determine q(8).
51
Let n(s) = 10*s**3 - 85*s**2 - 46*s + 23. Calculate n(9).
14
Let s(r) = 3*r**2 + 20*r + 130. What is s(-13)?
377
Let j(n) = 28*n**3 - 6*n**2 + 5*n + 2. Give j(3).
719
Let a(d) = 3*d**3 - 22*d**2 - 41*d + 10. What is a(9)?
46
Let m(c) = -555*c + 12758. Calculate m(23).
-7
Let x(u) = u**3 + 83*u**2 - 729*u - 85. What is x(-91)?
6
Let x(z) = z**3 - 21*z**2 - 55*z - 73. Give x(23).
-280
Let l(m) = 93*m - 2124. What is l(23)?
15
Let f(i) = i**3 - 28*i**2 + 7*i + 1196. Give f(26).
26
Let z(v) = v**2 - 221*v + 2691. Determine z(13).
-13
Let p(d) = -2*d**2 - 521*d + 1581. Give p(3).
0
Let f(s) = 6*s**3 - 25*s**2 - 51*s - 8. Calculate f(-2).
-54
Let v(a) = -5*a**3 + 234*a**2 - 2065*a + 6. What is v(35)?
6
Let n(y) = 239*y**2 - 4064*y + 11. Determine n(17).
-6
Let s(q) = q**3 - 20*q**2 + 33*q + 19. Calculate s(18).
-35
Let z(d) = d**2 - 65*d + 896. Calculate z(46).
22
Let b(t) = -10*t**3 - 5*t**2 + 4*t + 2. What is b(2)?
-90
Let w(t) = -t**3 - 45*t**2 - 11*t - 490. Determine w(-45).
5
Let w(t) = 2*t + 36. Determine w(-19).
-2
Let x(f) = 41*f**3 + 2*f**2 - 222*f - 222. What is x(-1)?
-39
Let v(k) = -176*k + 21. Determine v(0).
21
Let y(l) = 3811*l + 72407. Determine y(-19).
-2
Let x(c) = c**3 + 4*c**2 - 5*c + 5. Determine x(3).
53
Let z(s) = -s**3 - 8*s**2 + 14*s + 8. Determine z(-11).
217
Let d(f) = -2304*f + 9199. Give d(4).
-17
Let n(f) = 9*f**3 + 4*f**2 - 9*f - 11. Give n(-3).
-191
Let h(q) = -1934*q + 7729. Determine h(4).
-7
Let p(d) = d**3 + 21*d**2 + 24*d + 210. What is p(-21)?
-294
Let x(o) = 2*o**2 + 57*o - 69. Give x(-29).
-40
Let c(v) = -v**3 + 12*v**2 - 64*v + 947. Determine c(13).
-54
Let l(f) = 5*f**2 - 84*f + 53. Determine l(8).
-299
Let b(n) = -n**3 + 24*n**2 - 90*n + 72. Calculate b(17).
565
Let f(n) = 1186*n - 15414. Calculate f(13).
4
Let z(n) = 51*n + 4229. Determine z(-83).
-4
Let r(o) = -o**3 + o**2 + 24*o + 8. Give r(5).
28
Let z(o) = -7*o - 127. Give z(-8).
-71
Let t(m) = -19*m + 233. Give t(-2).
271
Let t(u) = -11*u**2 + 6*u + 30. What is t(-3)?
-87
Let z(u) = -161*u + 1522. What is z(10)?
-88
Let z(d) = -2*d**3 - 6*d**2 + 2*d - 25. Calculate z(-4).
-1
Let z(t) = -t**3 + 47*t**2 - 455*t + 10. Calculate z(16).
666
Let v(q) = -5*q**2 - 39*q - 9. What is v(-10)?
-119
Let x(z) = 14*z**3 - 211*z**2 + 12*z + 60. What is x(15)?
15
Let o(d) = 6*d**3 - 11*d**2 - 21*d + 40. Give o(2).
2
Let p(u) = u**3 - 50*u**2 + u - 181. Determine p(50).
-131
Let t(q) = -q**2 + 50*q - 596. What is t(30)?
4
Let a(s) = 33*s - 18. Give a(0).
-18
Let c(b) = -45*b - 107. Calculate c(-2).
-17
Let u(c) = -c**3 + 17*c**2 - 16*c - 17. Calculate u(17).
-289
Let n(g) = -g**3 + 3*g**2 - 33*g - 71. Calculate n(-2).
15
Let i(q) = 6*q**3 - 12*q**2 + 7*q + 2. Determine i(2).
16
Let i(w) = -2*w**3 - 89*w**2 + 388*w + 2. Determine i(4).
2
Let k(i) = -34*i**2 + 4624*i + 8. Give k(136).
8
Let n(k) = 2*k**3 - 11*k**2 + 7*k - 20. Give n(5).
-10
Let a(x) = 4*x**3 - 117*x**2 + 24*x - 91. Give a(29).
-236
Let g(q) = -54*q**2 - 277*q - 17. Give g(-5).
18
Let j(t) = -3*t**3 + 16*t**2 + 15*t + 14. Give j(5).
114
Let w(n) = 13*n**2 + 436*n + 345. What is w(-33)?
114
Let v(q) = -10*q**2 + 65*q + 1. Give v(7).
-34
Let a(c) = 23*c - 1167. Calculate a(51).
6
Let c(x) = 6750*x + 87726. Give c(-13).
-24
Let n(s) = 5*s**2 - 50*s + 263. Give n(8).
183
Let r(l) = -l**2 - 13*l + 21. Calculate r(-15).
-9
Let x(z) = -z**3 + 7*z**2 + 94*z - 7. What is x(16)?
-807
Let b(j) = 156*j + 6379. What is b(-41)?
-17
Let k(h) = -28*h**3 - 358*h**2 + 79*h + 18. Determine k(-13).
5
Let d(p) = -p**2 - 90*p - 936. Calculate d(-12).
0
Let k(q) = 3*q**3 - 58*q**2 - 111*q + 26. Determine k(21).
-100
Let w(y) = y**3 - 33*y**2 + 86*y + 13. Determine w(30).
-107
Let c(p) = 7*p**2 - 54*p + 4. Determine c(8).
20
Let h(t) = -2*t**2 - 49*t - 92. Determine h(-20).
88
Let y(r) = 9*r**3 + 82*r**2 + 11*r + 30. Determine y(-9).
12
Let u(n) = n**3 - 83*n**2 + 11*n - 915. Determine u(83).
-2
Let z(